{"id":122,"date":"2013-03-28T21:46:59","date_gmt":"2013-03-28T20:46:59","guid":{"rendered":"http:\/\/localhost\/wordpress\/?page_id=122"},"modified":"2026-01-24T10:10:06","modified_gmt":"2026-01-24T09:10:06","slug":"comite","status":"publish","type":"page","link":"https:\/\/www.tcvufflens.com\/?page_id=122","title":{"rendered":"Comit\u00e9"},"content":{"rendered":"<table id=\"table1\" border=\"0\" width=\"100%\">\n<tbody>\n<tr>\n<td align=\"center\" valign=\"top\" width=\"50%\"><strong>Pr\u00e9sident<\/strong><br \/>\nFr\u00e9d\u00e9ric Rohner<br \/>\nCh. Pr\u00e9 des Buis 5, 1315 La Sarraz<br \/>\nT\u00e9l: 021\u00a0701 19 94<br \/>\nMobile: 079 943 60 65<br \/>\nE-mail\u00a0: frederic.rohner@gmail.com<\/td>\n<td align=\"center\" valign=\"top\" width=\"50%\"><strong>Vice-pr\u00e9sident \/ Resp. Juniors <\/strong><br \/>\nChristophe Grandchamp<br \/>\nRoute de Daillens 5, 1305 Penthalaz<br \/>\nT\u00e9l: 021\u00a0861 41 59<br \/>\nMobile: 079 262 25 61<br \/>\nE-mail :\u00a0chrisg@bluewin.ch<\/td>\n<\/tr>\n<tr>\n<td align=\"center\" valign=\"top\"><strong>Secr\u00e9taire<\/strong><br \/>\nIn\u00e8s Rosati<br \/>\nCh. des Mainesses 10, 1302 Vufflens-la-Ville<br \/>\nMobile: 077 410 52 50<br \/>\nE-mail : ines.rosati@hispeed.ch<\/td>\n<td align=\"center\" valign=\"top\"><strong>Webmaster<\/strong><br \/>\nOlivier Buff<br \/>\nChemin de la Boquette 28, 1303 Penthaz<br \/>\nT\u00e9l: 079 602 71 49<br \/>\nE-mail : obuff100@gmail.com<\/td>\n<\/tr>\n<tr>\n<td align=\"center\" valign=\"top\"><strong>Comptabilit\u00e9 &amp; Cotisations<\/strong><br \/>\nAndreas Hilger<br \/>\nRoute de Chaulin 22, 1822 Chernex<br \/>\nMobile : 078 676 75 62<br \/>\nE-mail : andreas.hilger97@gmail.com<\/td>\n<td align=\"center\" valign=\"top\"><strong>Technique<br \/>\n<\/strong>Martin Skerlak<br \/>\nCh. du Vieux Battoir 10, 1042 Bettens<br \/>\nMobile: 079 658 45 33<br \/>\nE-mail : mskerlak67@sunrise.ch<\/td>\n<\/tr>\n<tr>\n<td align=\"center\" valign=\"top\"><strong>Interclub<\/strong><br \/>\nDaniel Stalder<br \/>\nCh. de la Planche 6a, 1042 Bettens<br \/>\nMobile: 079 752 58 09<br \/>\nE-mail : daniel.stalder14@outlook.com<\/td>\n<td align=\"center\" valign=\"top\"><strong>Pr\u00e9sident d&rsquo;honneur<\/strong><br \/>\nPierre-Alain Cochand<br \/>\nCh. du Calamottet 8, 1302 Vufflens-la-Ville<br \/>\nMobile: 079\u00a0213 38 16<br \/>\nE-mail\u00a0: pacochand@bluewin.ch<\/td>\n<\/tr>\n<tr>\n<td align=\"center\" valign=\"top\"><\/td>\n<td align=\"center\" valign=\"top\"><\/td>\n<\/tr>\n<\/tbody>\n<\/table>\n","protected":false},"excerpt":{"rendered":"<p>Pr\u00e9sident Fr\u00e9d\u00e9ric Rohner Ch. Pr\u00e9 des Buis 5, 1315 La Sarraz T\u00e9l: 021\u00a0701 19 94 Mobile: 079 943 60 65 E-mail\u00a0: frederic.rohner@gmail.com Vice-pr\u00e9sident \/ Resp. Juniors Christophe Grandchamp Route de Daillens 5, 1305 Penthalaz T\u00e9l: 021\u00a0861 41 59 Mobile: 079 &hellip;<\/p>\n<p class=\"read-more\"> <a class=\"more-link\" href=\"https:\/\/www.tcvufflens.com\/?page_id=122\"> <span class=\"screen-reader-text\">Comit\u00e9<\/span> Read More &raquo;<\/a><\/p>\n","protected":false},"author":1,"featured_media":0,"parent":64,"menu_order":0,"comment_status":"closed","ping_status":"closed","template":"full-width-page.php","meta":{"footnotes":""},"class_list":["post-122","page","type-page","status-publish","hentry"],"_links":{"self":[{"href":"https:\/\/www.tcvufflens.com\/index.php?rest_route=\/wp\/v2\/pages\/122","targetHints":{"allow":["GET"]}}],"collection":[{"href":"https:\/\/www.tcvufflens.com\/index.php?rest_route=\/wp\/v2\/pages"}],"about":[{"href":"https:\/\/www.tcvufflens.com\/index.php?rest_route=\/wp\/v2\/types\/page"}],"author":[{"embeddable":true,"href":"https:\/\/www.tcvufflens.com\/index.php?rest_route=\/wp\/v2\/users\/1"}],"replies":[{"embeddable":true,"href":"https:\/\/www.tcvufflens.com\/index.php?rest_route=%2Fwp%2Fv2%2Fcomments&post=122"}],"version-history":[{"count":47,"href":"https:\/\/www.tcvufflens.com\/index.php?rest_route=\/wp\/v2\/pages\/122\/revisions"}],"predecessor-version":[{"id":19264,"href":"https:\/\/www.tcvufflens.com\/index.php?rest_route=\/wp\/v2\/pages\/122\/revisions\/19264"}],"up":[{"embeddable":true,"href":"https:\/\/www.tcvufflens.com\/index.php?rest_route=\/wp\/v2\/pages\/64"}],"wp:attachment":[{"href":"https:\/\/www.tcvufflens.com\/index.php?rest_route=%2Fwp%2Fv2%2Fmedia&parent=122"}],"curies":[{"name":"wp","href":"https:\/\/api.w.org\/{rel}","templated":true}]}}